[INFO] fetching crate mantle-types 0.2.0...
[INFO] building mantle-types-0.2.0 against master#ff34b919075f35a1787659e9c448a34b06bab8de for issue-85264
[INFO] extracting crate mantle-types 0.2.0 into /workspace/builds/worker-13/source
[INFO] validating manifest of crates.io crate mantle-types 0.2.0 on toolchain ff34b919075f35a1787659e9c448a34b06bab8de
[INFO] running `Command { std: "/workspace/cargo-home/bin/cargo" "+ff34b919075f35a1787659e9c448a34b06bab8de" "metadata" "--manifest-path" "Cargo.toml" "--no-deps", kill_on_drop: false }`
[INFO] started tweaking crates.io crate mantle-types 0.2.0
[INFO] finished tweaking crates.io crate mantle-types 0.2.0
[INFO] tweaked toml for crates.io crate mantle-types 0.2.0 written to /workspace/builds/worker-13/source/Cargo.toml
[INFO] running `Command { std: "/workspace/cargo-home/bin/cargo" "+ff34b919075f35a1787659e9c448a34b06bab8de" "generate-lockfile" "--manifest-path" "Cargo.toml" "-Zno-index-update", kill_on_drop: false }`
[INFO] running `Command { std: "/workspace/cargo-home/bin/cargo" "+ff34b919075f35a1787659e9c448a34b06bab8de" "fetch" "--manifest-path" "Cargo.toml", kill_on_drop: false }`
[INFO] [stderr]     Blocking waiting for file lock on package cache
[INFO] [stderr]     Blocking waiting for file lock on package cache
[INFO] running `Command { std: "docker" "create" "-v" "/var/lib/crater-agent-workspace/builds/worker-13/target:/opt/rustwide/target:rw,Z" "-v" "/var/lib/crater-agent-workspace/builds/worker-13/source:/opt/rustwide/workdir:ro,Z" "-v" "/var/lib/crater-agent-workspace/cargo-home:/opt/rustwide/cargo-home:ro,Z" "-v" "/var/lib/crater-agent-workspace/rustup-home:/opt/rustwide/rustup-home:ro,Z" "-e" "SOURCE_DIR=/opt/rustwide/workdir" "-e" "CARGO_TARGET_DIR=/opt/rustwide/target" "-e" "CARGO_HOME=/opt/rustwide/cargo-home" "-e" "RUSTUP_HOME=/opt/rustwide/rustup-home" "-w" "/opt/rustwide/workdir" "-m" "1610612736" "--user" "0:0" "--network" "none" "ghcr.io/rust-lang/crates-build-env/linux@sha256:20528e8c29e4536546f0102ce88568b16ea7538393a33fcca951030f7af10457" "/opt/rustwide/cargo-home/bin/cargo" "+ff34b919075f35a1787659e9c448a34b06bab8de" "metadata" "--no-deps" "--format-version=1", kill_on_drop: false }`
[INFO] [stdout] 1b1fdb2c464f586130e114e145d9930ecb4391caee1e4d93b06ecc8b435bc747
[INFO] [stderr] WARNING: Your kernel does not support swap limit capabilities or the cgroup is not mounted. Memory limited without swap.
[INFO] running `Command { std: "docker" "start" "-a" "1b1fdb2c464f586130e114e145d9930ecb4391caee1e4d93b06ecc8b435bc747", kill_on_drop: false }`
[INFO] running `Command { std: "docker" "inspect" "1b1fdb2c464f586130e114e145d9930ecb4391caee1e4d93b06ecc8b435bc747", kill_on_drop: false }`
[INFO] running `Command { std: "docker" "rm" "-f" "1b1fdb2c464f586130e114e145d9930ecb4391caee1e4d93b06ecc8b435bc747", kill_on_drop: false }`
[INFO] [stdout] 1b1fdb2c464f586130e114e145d9930ecb4391caee1e4d93b06ecc8b435bc747
[INFO] running `Command { std: "docker" "create" "-v" "/var/lib/crater-agent-workspace/builds/worker-13/target:/opt/rustwide/target:rw,Z" "-v" "/var/lib/crater-agent-workspace/builds/worker-13/source:/opt/rustwide/workdir:ro,Z" "-v" "/var/lib/crater-agent-workspace/cargo-home:/opt/rustwide/cargo-home:ro,Z" "-v" "/var/lib/crater-agent-workspace/rustup-home:/opt/rustwide/rustup-home:ro,Z" "-e" "SOURCE_DIR=/opt/rustwide/workdir" "-e" "CARGO_TARGET_DIR=/opt/rustwide/target" "-e" "CARGO_INCREMENTAL=0" "-e" "RUST_BACKTRACE=full" "-e" "RUSTFLAGS=--cap-lints=forbid" "-e" "CARGO_HOME=/opt/rustwide/cargo-home" "-e" "RUSTUP_HOME=/opt/rustwide/rustup-home" "-w" "/opt/rustwide/workdir" "-m" "1610612736" "--user" "0:0" "--network" "none" "ghcr.io/rust-lang/crates-build-env/linux@sha256:20528e8c29e4536546f0102ce88568b16ea7538393a33fcca951030f7af10457" "/opt/rustwide/cargo-home/bin/cargo" "+ff34b919075f35a1787659e9c448a34b06bab8de" "build" "--frozen" "--message-format=json", kill_on_drop: false }`
[INFO] [stdout] 3cfd3d67650073e0c08d0a2b90f9c526a0e86e73a04984c3796cb1fabfef4d67
[INFO] [stderr] WARNING: Your kernel does not support swap limit capabilities or the cgroup is not mounted. Memory limited without swap.
[INFO] running `Command { std: "docker" "start" "-a" "3cfd3d67650073e0c08d0a2b90f9c526a0e86e73a04984c3796cb1fabfef4d67", kill_on_drop: false }`
[INFO] [stderr]    Compiling proc-macro2 v1.0.27
[INFO] [stderr]    Compiling unicode-xid v0.2.2
[INFO] [stderr]    Compiling proc-macro2 v0.4.30
[INFO] [stderr]    Compiling syn v0.15.44
[INFO] [stderr]    Compiling anyhow v1.0.40
[INFO] [stderr]    Compiling lazy_static v1.4.0
[INFO] [stderr]    Compiling hex v0.4.3
[INFO] [stderr]    Compiling hex v0.3.2
[INFO] [stderr]    Compiling quote v0.6.13
[INFO] [stderr]    Compiling quote v1.0.9
[INFO] [stderr]    Compiling syn v1.0.72
[INFO] [stderr]    Compiling thiserror-impl v1.0.25
[INFO] [stderr]    Compiling serde_derive v1.0.126
[INFO] [stderr]    Compiling derive_more v0.15.0
[INFO] [stderr]    Compiling thiserror v1.0.25
[INFO] [stderr]    Compiling oasis-types v0.3.2
[INFO] [stderr]    Compiling blockchain-traits v0.2.3
[INFO] [stderr]    Compiling serde v1.0.126
[INFO] [stderr]    Compiling mantle-types v0.2.0 (/opt/rustwide/workdir)
[INFO] [stdout] error[E0404]: expected trait, found struct `blockchain_traits::Address`
[INFO] [stdout]   --> src/lib.rs:35:6
[INFO] [stdout]    |
[INFO] [stdout] 35 | impl blockchain_traits::Address for Address {
[INFO] [stdout]    |      ^^^^^^^^^^^^^^^^^^^^^^^^^^ not a trait
[INFO] [stdout] 
[INFO] [stdout] 
[INFO] [stdout] error[E0404]: expected trait, found struct `blockchain_traits::AccountMeta`
[INFO] [stdout]   --> src/lib.rs:72:6
[INFO] [stdout]    |
[INFO] [stdout] 72 | impl blockchain_traits::AccountMeta for AccountMeta {
[INFO] [stdout]    |      ^^^^^^^^^^^^^^^^^^^^^^^^^^^^^^ not a trait
[INFO] [stdout] 
[INFO] [stdout] 
[INFO] [stdout] error[E0404]: expected trait, found struct `blockchain_traits::Event`
[INFO] [stdout]   --> src/lib.rs:84:6
[INFO] [stdout]    |
[INFO] [stdout] 84 | impl blockchain_traits::Event for Event {
[INFO] [stdout]    |      ^^^^^^^^^^^^^^^^^^^^^^^^ not a trait
[INFO] [stdout] 
[INFO] [stdout] 
[INFO] [stdout] error[E0603]: struct `Address` is private
[INFO] [stdout]   --> src/lib.rs:35:25
[INFO] [stdout]    |
[INFO] [stdout] 35 | impl blockchain_traits::Address for Address {
[INFO] [stdout]    |                         ^^^^^^^ private struct
[INFO] [stdout]    |
[INFO] [stdout] note: the struct `Address` is defined here
[INFO] [stdout]   --> /opt/rustwide/cargo-home/registry/src/github.com-1ecc6299db9ec823/blockchain-traits-0.2.3/src/lib.rs:3:32
[INFO] [stdout]    |
[INFO] [stdout] 3  | use oasis_types::{AccountMeta, Address, Event};
[INFO] [stdout]    |                                ^^^^^^^
[INFO] [stdout] 
[INFO] [stdout] 
[INFO] [stdout] error[E0603]: struct `AccountMeta` is private
[INFO] [stdout]   --> src/lib.rs:72:25
[INFO] [stdout]    |
[INFO] [stdout] 72 | impl blockchain_traits::AccountMeta for AccountMeta {
[INFO] [stdout]    |                         ^^^^^^^^^^^ private struct
[INFO] [stdout]    |
[INFO] [stdout] note: the struct `AccountMeta` is defined here
[INFO] [stdout]   --> /opt/rustwide/cargo-home/registry/src/github.com-1ecc6299db9ec823/blockchain-traits-0.2.3/src/lib.rs:3:19
[INFO] [stdout]    |
[INFO] [stdout] 3  | use oasis_types::{AccountMeta, Address, Event};
[INFO] [stdout]    |                   ^^^^^^^^^^^
[INFO] [stdout] 
[INFO] [stdout] 
[INFO] [stdout] error[E0603]: struct `Event` is private
[INFO] [stdout]   --> src/lib.rs:84:25
[INFO] [stdout]    |
[INFO] [stdout] 84 | impl blockchain_traits::Event for Event {
[INFO] [stdout]    |                         ^^^^^ private struct
[INFO] [stdout]    |
[INFO] [stdout] note: the struct `Event` is defined here
[INFO] [stdout]   --> /opt/rustwide/cargo-home/registry/src/github.com-1ecc6299db9ec823/blockchain-traits-0.2.3/src/lib.rs:3:41
[INFO] [stdout]    |
[INFO] [stdout] 3  | use oasis_types::{AccountMeta, Address, Event};
[INFO] [stdout]    |                                         ^^^^^
[INFO] [stdout] 
[INFO] [stdout] 
[INFO] [stdout] error: aborting due to 6 previous errors
[INFO] [stdout] 
[INFO] [stdout] 
[INFO] [stdout] Some errors have detailed explanations: E0404, E0603.
[INFO] [stdout] 
[INFO] [stdout] For more information about an error, try `rustc --explain E0404`.
[INFO] [stdout] 
[INFO] [stderr] error: could not compile `mantle-types`
[INFO] [stderr] 
[INFO] [stderr] To learn more, run the command again with --verbose.
[INFO] [stderr] warning: build failed, waiting for other jobs to finish...
[INFO] [stderr] error: build failed
[INFO] running `Command { std: "docker" "inspect" "3cfd3d67650073e0c08d0a2b90f9c526a0e86e73a04984c3796cb1fabfef4d67", kill_on_drop: false }`
[INFO] running `Command { std: "docker" "rm" "-f" "3cfd3d67650073e0c08d0a2b90f9c526a0e86e73a04984c3796cb1fabfef4d67", kill_on_drop: false }`
[INFO] [stdout] 3cfd3d67650073e0c08d0a2b90f9c526a0e86e73a04984c3796cb1fabfef4d67
